(-11 - -5) + 1 + 2 + 4.
1
-3 - -5 - (1 + 1) - 1
-1
Calculate 11 + -10 + 1 + 1.
3
Calculate -9 - (14 - (22 + -9)).
-10
What is -1 - ((3 - -1 - 3) + -5)?
3
Calculate 0 + (8 - 5 - 2) + 2.
3
What is the value of -1 + 2 + 3 + (38 - 35)?
7
Calculate (8 - (7 + -2)) + 1 + 0.
4
-1 + -5 + 2 + (-2 - -4)
-2
What is -5 + 10 + 0 + -5?
0
Evaluate 4 + (-5 - (-2 - -4)) + -3.
-6
What is 0 + (9 + -9 - (3 + -2))?
-1
What is the value of -30 + 41 + (3 - 17)?
-3
Evaluate 0 - (-2 - (1 - 1) - -3).
-1
What is -3 - (0 + 1 + -2)?
-2
What is the value of -2 + (-2 - ((-2 - -4) + -12))?
6
Calculate -4 - -20 - (2 + 7).
7
Evaluate 1 + 0 + 4 + -8.
-3
-2 + -3 - (5 - 7)
-3
Evaluate -3 + -1 + (-85 - -78).
-11
Evaluate 11 - 6 - (4 + 0).
1
What is 6 + -1 + (-20 - -19)?
4
What is the value of -1 + 0 - (-9 + 7) - -2?
3
What is -3 + (5 - 2) - 5 - -7?
2
What is (17 - 17) + 6 + -1?
5
What is 0 + -10 + (4 + -2 - -3)?
-5
Calculate (2 - -11) + (11 - 13) + -6.
5
Calculate 1 - 9 - (-3 + -4 + 4).
-5
What is -4 + (2 - (-3 - -5)) + 3?
-1
-1 + -2 + -2 + 1 + 0
-4
Calculate (-2 - -4 - (-3 + 6)) + 1.
0
What is 15 + (-14 - -9) + -9?
1
Evaluate 2 - -4 - -11 - (-2 + 10).
9
What is the value of -56 + 61 + 1 + -8?
-2
Calculate -29 - (22 - 44) - (1 + 1).
-9
Evaluate -8 + -4 + 8 + (3 - 2).
-3
Evaluate -3 + 4 + -6 - -4.
-1
Evaluate 0 + (6 - 2) + -2 + -1.
1
12 - (11 + -3 + -1)
5
What is the value of 1 - (0 + (10 - 3) - 11)?
5
What is the value of -9 + 0 + 0 - -9?
0
Evaluate 10 - (7 - 4 - -4).
3
Calculate 1 + (3 - 5) + -3.
-4
Calculate (5 + -6 - (2 + -2)) + -4.
-5
62 + -56 + (-2 - 12 - -1)
-7
What is 1 + 2 + -8 + -3?
-8
Evaluate (4 - (3 + 0) - -1) + -1.
1
Calculate (0 - (3 + -5)) + -25 + 30.
7
What is the value of -3 - (2 + 0 + 4 + -7)?
-2
Evaluate -2 - -4 - 6 - (4 - 9).
1
What is the value of 2 + 1 + -6 - -3?
0
What is (4 - -1) + (-3 - -6 - 4)?
4
Evaluate 2 + (1 - (5 - 0)).
-2
Evaluate (-1 - 1 - 2) + -1 + 3.
-2
Evaluate 3 + (3 - 10) - -11.
7
-3 + 2 + 4 + 2 - 1
4
Calculate (9 - (0 - -5)) + 0.
4
Evaluate (0 + 7 - 7) + -4 + 2.
-2
17 - (-7 + 18) - 0
6
What is the value of (-3 - -6) + (-10 - (-2 + 1))?
-6
What is 1 + -4 + (3 - 5)?
-5
What is 277 + -272 + (0 - (2 - 2))?
5
(5 - 2 - (-7 + 12)) + 1
-1
2 - (6 - (-1 + 3 + -3))
-5
Calculate (-1 - 3 - -2) + (-1 - -6).
3
What is ((-3 - -1) + 11 - 3) + -1?
5
Evaluate -1 + 4 + 2 + -3.
2
1 + -2 + -4 + 3 + 5
3
What is the value of -2 - 2 - ((-7 - -4) + 1)?
-2
Evaluate 0 - (-5 + 6) - (3 - 0).
-4
Calculate (1 - -1) + -32 + 34.
4
What is the value of 0 + 1 + -3 + 1 + 2?
1
What is the value of (-6 + 3 - -4) + -5 - 0?
-4
Calculate 0 - -1 - (12 + (1 - 10)).
-2
What is the value of (1 - 8) + (21 - 19)?
-5
What is 6 - (14 - 20) - 21?
-9
Calculate (2 - 1 - (-3 + 5)) + 5.
4
What is the value of -5 + -15 - (0 - 9)?
-11
Calculate 7 - 3 - (-2 + 3).
3
What is 1 - ((-2 - 5 - -6) + 5)?
-3
Calculate 4 - (-4 + 1 + 2).
5
What is -5 - (-20 + (7 - 1))?
9
What is the value of -33 + 26 + 1 + 3?
-3
Evaluate -2 + -5 + 11 - 2.
2
Calculate 4 + 3 + -7 + 2 - -2.
4
(4 - 0) + 2 + (2 - 6)
2
What is the value of (6 - 11) + -1 + 4?
-2
What is the value of -1 + 14 + 2 + -20 + 12?
7
What is (-1 - -6) + (-8 - -5) - 4?
-2
Evaluate 11 + -7 + -1 + 1.
4
What is 1 - (6 + -8 - (0 - 0))?
3
Evaluate -21 - -29 - (12 - 0).
-4
Evaluate 4 + (-5 - 1) + (-13 - -17).
2
What is 0 - ((2 - 5) + 3)?
0
What is 4 - (1 - 4) - 3?
4
Evaluate 4 + (-2 + -6 - -5).
1
(0 - 0) + (-6 - 5 - -8)
-3
What is the value of (-1 - -2) + 0 + 15 + -22?
-6
What is (0 + 1 - (-3 - 3)) + -2?
5
-3 + (1 - (2 - 1)) - -1
-2
What is the value of 4 - (-9 + (7 + -1 - -1))?
6
What is 2 - (-1 + 5 + -1 + -7)?
6
Evaluate -6 + (-5 - -6) - -5.
0
What is the value of -4 + (4 - 2) - 2?
-4
What is -7 - (5 - (-7 + 13 + 1))?
-5
Evaluate (-17 - -19) + 1 + -1 - 7.
-5
What is -10 + (-10 - -21) + -8?
-7
What is 5 + -2 + (0 - 3) + 3?
3
What is the value of (-1 - (5 + -2 - 6)) + 3?
5
Calculate 1 - (-4 - -11) - -3.
-3
Evaluate 8 + 0 + (-2 - 3) + 2.
5
What is 6 + (-4 - (3 - 4))?
3
-2 + 6 + -8 + 1
-3
-2 + 15 + -13 + 5
5
Evaluate -1 + -1 - (-31 - -29).
0
Evaluate (-2 - -2) + 5 - -1 - 1.
5
What is (13 - 28) + 4 - (-2 + -1)?
-8
Evaluate 8 + (5 - ((-2 - -1) + 7)).
7
Calculate (-3 - 4 - -1) + 1.
-5
3 - ((-3 - 0) + 9)
-3
What is the value of 5 - ((3 + 3 - -2) + 2)?
-5
Evaluate -4 - (-3 + (3 - (1 + 5))).
2
Evaluate 2 - (4 + -6 + 2).
2
Calculate 8 + (5 - (13 - (5 + 0))).
5
Calculate -2 - ((2 - -2) + -3 + -2).
-1
Evaluate 5 + (-5 - -1) - (-1 + -5).
7
Calculate -9 - -7 - (-3 - (4 + -3)).
2
What is -4 - (4 - (-3 - -8))?
-3
-6 - ((3 - 5) + (2 - -2))
-8
Evaluate 7 - 2 - (-1 - (-9 - -5)).
2
Evaluate (1 - (1 - 3)) + -6 + 6.
3
-4 - (-2 - (-2 + 2))
-2
Calculate 11 - -13 - 14 - 8.
2
What is -8 + (3 - 4) + 3?
-6
What is the value of -5 + (2 + -1 - 5)?
-9
0 + 0 - (3 + -7 + 8)
-4
Calculate 5 - (6 + 4 + -5).
0
-8 + (-7 - -15 - (6 - 3))
-3
What is 2 + (-5 + 11 - 8)?
0
What is (-2 - -2 - 6) + 0?
-6
What is the value of -8 + -2 + 18 + (-3 - -6)?
11
Evaluate -4 - (-5 + 3) - 1.
-3
What is the value of 0 + (14 - 8) + -10?
-4
Evaluate 2 + (5 + -1 - 3 - 0).
3
-3 + 5 + (-4 - (-2 + 0))
0
Evaluate 4 + (4 - 7) + 2 + -8.
-5
Evaluate 2 + -2 + (-2 - -4).
2
Calculate 2 + 3 - (1 + 2).
2
What is -2 + (0 - 4 - -4 - -4)?
2
Evaluate 7 + 9 + -2 + -8.
6
Evaluate -3 + 2 + 5 + 0 + -2.
2
What is the value of 2 + -4 + (-4 - -6)?
0
Evaluate 2 + -3 + (-2 - -3 - -2).
2
Calculate 2 - (-3 + -2 - (-19 + 11)).
-1
What is the value of -5 + (2 - (-8 - -1))?
4
Evaluate 12 + (-4 - 1 - 0) - 3.
4
Calculate -52 + 53 - (0 + -1).
2
Evaluate -3 + -4 + 1 - (3 + -8).
-1
What is 15 + -9 + 0 + 0?
6
Evaluate (-8 - -3) + (4 - 1).
-2
What is 16 + -18 + 0 + 1 + -2?
-3
Calculate 5 + (-3 + 3 - 5 - -2).
2
What is the value of 1 - -1 - (-3 - -1 - -3)?
1
Calculate 15 - (-3 - -18) - (2 + 5).
-7
(4 - 6) + -6 - -15
7
What is the value of (3 - 3) + -3 + (0 - -2)?
-1
Evaluate 5 - (11 + (3 - (-4 + 8))).
-5
What is the value of -2 + 2 + -1 + -2 + -1?
-4
18 + -3 + (12 - 20)
7
Evaluate 71 + -65 - (2 - -1).
3
0 - (-1 + 11 + -7)
-3
Calculate -2 + -4 + (-6 - -4) + 2.
-6
Evaluate (7 + -12 - -7) + -5.
-3
Evaluate -1 - 1 - (-24 + 24).
-2
What is (1 - 3) + (-6 - (-17 + 8))?
1
What is the value of 9 - 17 - (2 + -18)?
8
What is the value of -18 + 15 + -1 - (3 + -1)?
-6
0 + -2 - (159 + -164)
3
What is the value of (1 - (0 - 6)) + (7 - 8)?
6
What is the value of -6 + (-2 - -10 - 1)?
1
Evaluate -4 + (2 - -2 - (6 + -7)).
1
Evaluate 10 - 9 - (-3 + -1).
5
What is the value of 0 - (-4 + 8 - (1 + 4))?
1
Calculate (-3 + 0 - 2) + -10 + 9.
-6
What is 5 + (5 - (-5 + 5) - 7)?
3
Evaluate (0 - 4) + (1 - (1 + 0)).
-4
What is the value of 25 + -27 - (-1 + 3)?
-4
Evaluate 3 - (7 + -6 - 5 - -1).
6
What is (5 - (-3 - -4)) + -6?
-2
Evaluate (5 - 0) + (5 - 5).
5
Calculate ((-7 - -2) + 3 - -4) + 2.
4
Evaluate -9 + 5 - -2 - -1.
-1
What is -7 + (5 - (-4 - -3 - -3))?
-4
Calculate (-4 - (-12 - 2)) + -5.
5
Calculate 2 - ((2 - 0) + 2 - 1).
-1
What is the value of -1 - -5 - (17 - 14)?
1
Calculate 5 - 5 - 1 - 0.
-1
Calculate 5 + 2 + (5 + 0 - 8).
4
What is the value of 37 - 26 - (0 - -4)?
7
Evaluate 4 + -4 + -1 - -2.
1
Evaluate -1 - (0 - (-4 + 0)).
-5
Evaluate 0 - (5 - 4 - 3).
2
Calculate 10 + (8 - (1 + 8)).
9
Calculate -6 - (-8 + 1 + 3).
-2
-8 + -7 + (18 - 9)
-6
2 + 6 + -1 - 3
4
Calculate (3 - (1 - -1)) + -2 - 3.
-4
What is 1 - -2 - 2 - (-3 - -1)?
3
What is -8 - (-4 - 4) - -8?
8
7 - (9 - 4 - -5) - -3
0
What is 6 + 4 + (-6 - -1)?
5
What is the value of (4 - (3 + 2)) + 2?
1
Evaluate 2 + -7 + -5 + 1 + 5.
-4
12 - 3 - 11 - (0 - -3)
-5
What is the value of 0 + 3 + (5 - 5) + -3?
0
Evaluate (-5 - 2) + 10 + -1 + -1.
1
-1 + 2 - (-6 + 10) - 2
-5
What is the value of 2 + (-14 - -5) + 11?
4
Evaluate -14 + 14 - (-1 - 2).
3
What is (44 - 39) + (-3 - 1)?
1
Evaluate 2 + (-9 - -6 - (-6 - 0)).
5
What is the value of 4 - (-2 + 4 - 0)?
2
Calculate (-12 - -17) + 2 + (-3 - -1).
5
(12 - 2 - -5) + -23
-8
What is (56 - 45) + -19 + -2?
-10
What is the value of 2 + -3 + 5 - (0 + 6)?
-2
What is the value of -1 + 0 + -8 + -9 + 15?
-3
7 + 1 + -5 - 2
1
Evaluate 8 - (7 + (3 - 4)).
2
What is the value of -66 + 66 + (1 - 7)?
-6
Calculate 4 + (4 - 3) + -5.
0
-1 + 4 - (8 + -8 - -2)
1
What is (-4 - -9) + (-3 - 2)?
0
-1 + (-10 - -5) + 6
0
What is the value of (0 - (-2 - -2 - -1)) + -1?
-2
Calculate -1 + (-1 + 3 - 0) + -2.
-1
What is the va